be ((-24)/10)/(3 + (-282)/90). Suppose -4*j + t = -2. What are the prime factors of (9 - (0 + j))*(-42)/(-2)?
2, 3, 7
Let z(i) = -40*i**2 - 2. Let u be z(3). Let h = u - -842. What are the prime factors of h?
2, 3, 5
Suppose -6309 - 9247 = -19*k + 7985. What are the prime factors of k?
3, 7, 59
Let w = 8361 + -2050. List the prime factors of w.
6311
List the prime factors of 26080/96*(-177)/(-1).
5, 59, 163
Let m = -21 + 88. Let b = -62 + m. What are the prime factors of (272/10)/(2/b)?
2, 17
Let f(l) = 2*l**2 - 10*l - 14. Let a be f(5). Let j(c) = c**2 - 6*c - 43. List the prime factors of j(a).
3, 79
Let d(s) = s**3 - 25*s**2 - 2*s + 53. Let g be d(25). Suppose -3*q = 5*i - i - 1016, g*i - 749 = q. What are the prime factors of i?
251
Suppose 5*t - 18566 = -3*a, 13*a = 15*a - 4*t - 12392. Suppose 0 = -11*d + 23*d - a. What are the prime factors of d?
2, 3, 43
Let a(b) = 46*b**3 - 10*b + 49. List the prime factors of a(5).
5749
Let t(v) = 1589*v - 1643. List the prime factors of t(3).
2, 11, 71
Suppose -6*b = -3*b + 9, 3*k + 2*b - 17760 = 0. Suppose -5*t + k = j, -5*j + 1141 + 1214 = 2*t. What are the prime factors of t?
3, 5, 79
Let l = -691 - -486. What are the prime factors of 2/9 + 64/(-288) - l?
5, 41
Let z be (-110896)/(-145) - (2/(-10) + 0). Let l = 290 + z. What are the prime factors of l?
5, 211
Suppose 0 = -30*u + 413774 + 594316. List the prime factors of u.
3, 23, 487
Suppose 3*s = 5*l + 173, 0 = 4*s + 22*l - 17*l - 219. Let y = 160 - s. What are the prime factors of y?
2, 13
Let p(r) = 3*r**2 - 11*r - 20. Suppose -2*m + 10 = 5*f, m + 2*f - 14 = 4*f. List the prime factors of p(m).
2, 5, 17
Suppose -11*l = 2*l + 16*l - 1740. Let d = -223 + 460. Let f = d - l. List the prime factors of f.
3, 59
Let t = -29947 + 46756. List the prime factors of t.
3, 13, 431
Let w(k) = -k. Let j be w(-19). Let b be 1618/(-6) - 2 - j/57. Let u = b - -504. What are the prime factors of u?
2, 29
Let g(y) be the second derivative of y**3/6 - 13*y**2/2 - 20*y. Let i be g(11). What are the prime factors of (651/6 - -6) + 1/i?
2, 3, 19
Let p = 5555 + 7493. List the prime factors of p.
2, 7, 233
Suppose 0 = 5*j + 2*m - 35, -2*j + 3*m + 14 = -0*m. What are the prime factors of (336/(-6))/j - -100?
2, 23
Let p(o) be the first derivative of 3*o**2/2 - 33*o - 19. Let g be p(7). Let a(z) = z**2 + 7*z + 7. What are the prime factors of a(g)?
67
Suppose 1200 = 4*g + 168. Let j be (-8 - -3) + 6 + -133. Let m = g + j. List the prime factors of m.
2, 3, 7
What are the prime factors of 3/(-4) + 26030550/840?
2, 61, 127
Let q = 131 - 37. Let x = -78 + q. Suppose -x*j - 657 = -1569. What are the prime factors of j?
3, 19
Let q(z) = 358*z - 393. What are the prime factors of q(10)?
3187
Let q(i) = 2*i**2 + 33*i + 85. Let x be q(-14). List the prime factors of x/1*(152/24 + 2).
5
Let z be ((-54)/3)/((-72)/48). Let o(i) = 66*i + 73. List the prime factors of o(z).
5, 173
List the prime factors of 1002/2*(-1)/(51/(-1003)).
59, 167
Suppose 24*f - 240 = -24. Let g(w) = 5*w**2 + 7*w + 137. What are the prime factors of g(f)?
5, 11
Let a be (28 - -1) + (-162)/(-27). Let i(d) = 3*d**2 - 80*d - 60. What are the prime factors of i(a)?
5, 163
Suppose 4*l - 293*j - 134000 = -289*j, 0 = -2*l - j + 67018. List the prime factors of l.
2, 11, 1523
Let r = 17 - 15. Suppose -152 = -r*d + 42. List the prime factors of (d + 3)/(-5)*-3.
2, 3, 5
List the prime factors of 2155*(171/405 + 4/(-18)).
431
Suppose -206 = 2*m + 6. Let h be (-6580)/(-770) - (-6)/(-11). Let c = h - m. List the prime factors of c.
2, 3, 19
Suppose -4*c + 9 = -11, 0 = 4*m - 5*c - 5835. What are the prime factors of m?
5, 293
Let z = -217 + 243. Suppose z*q - 3142 = 7232. What are the prime factors of q?
3, 7, 19
What are the prime factors of ((-159)/4)/((-900)/775200)?
2, 17, 19, 53
Let q(w) = 111*w - 108. Let v = -585 + 588. What are the prime factors of q(v)?
3, 5
Let h(b) = 220*b**3 - 5*b**2 - 7*b + 5. List the prime factors of h(2).
3, 577
Suppose 842416 - 60532 = 37*j - 127132. What are the prime factors of j?
2, 37, 83
Let o(a) = 8*a**2 - 147*a + 125. What are the prime factors of o(44)?
5, 31, 59
Suppose -3*w = 4*g - 51875 - 201156, -28*g + 5*w + 1771399 = 0. List the prime factors of g.
41, 1543
Let a = 100 + -63. Let o(d) = -23 + 5*d - 9 + 6*d - 24*d**2 - d**3 + a*d**2. List the prime factors of o(13).
3, 37
Let k(u) = 104*u. Let d be k(3). Let r = 86 + d. What are the prime factors of r?
2, 199
Let t = -7195 - -13332. Let j = t - 4306. List the prime factors of j.
1831
Suppose q + 1293 = -5*y, -4*q = -0*q + 3*y + 5240. Let z = -879 - q. What are the prime factors of z?
2, 7, 31
Suppose 4*b = -5*s + 3839, 5*b + 314 + 3561 = 5*s. List the prime factors of s.
3, 257
Let z(x) = -x**3 + 8*x**2 + 11*x - 6. Let o be z(9). Let v be o/(-24)*1*-2. List the prime factors of ((-41)/(-3))/(v/6).
2, 41
Suppose -91810 = -13*v + 6*v + 61147. List the prime factors of v.
21851
Let a(q) = -176*q + 6. Let h be a(-14). Suppose h = 5*u + 4*l + l, 2*l + 2456 = 5*u. List the prime factors of u.
2, 3, 41
Suppose -f = -3*w + 76 + 199, 3*f = 3*w - 273. Suppose -4*c - 35 - 33 = 4*i, -4*c - w = -2*i. What are the prime factors of c/49 + 318/7?
3, 5
Let r(i) = 21*i**2 - 38*i - 258. List the prime factors of r(-18).
2, 3, 5, 241
Let x(z) = -54*z + 2 + 11*z - 12 - z**2 - 1. What are the prime factors of x(-14)?
5, 79
Let a(z) = 700*z**2 + 41*z - 18. List the prime factors of a(6).
2, 3, 13, 163
Suppose 6*d = -30 + 36, 3 = y - d. Suppose 784 = 3*j - 191. Suppose -5*h + j = 5*f, y*h + 9 - 255 = 3*f. What are the prime factors of h?
3, 7
Suppose -9*m = -5*m - 12. Suppose -h = -m*c - 6, -2*h - h - 10 = 5*c. Suppose g - 4*d - 42 = h, 3*d = 4*g - 195 + 27. List the prime factors of g.
2, 3, 7
Suppose 3*x - 54122 = -2*b, 5*b = -1105*x + 1109*x - 72201. List the prime factors of x.
2, 13, 347
Let x(u) = -6 + 5*u - 7*u + 1 - 30*u**2 + 35*u**2. What are the prime factors of x(4)?
67
Let f(s) = -71*s - 48. Let p be f(-3). Suppose -p*k - 189 = -172*k. List the prime factors of k.
3
Suppose 3*p - 115477 = 4*a, -3*p + 81471 = 5*a - 33970. List the prime factors of p.
3, 12829
List the prime factors of -40648*(2/4)/(2/(-4)).
2, 5081
Suppose 5*p - 1 - 9 = 0. Suppose h + 127 = p*h. What are the prime factors of h?
127
Suppose 0 = -4*b - 5*r + 22043, 86*b + 22001 = 90*b - r. List the prime factors of b.
2, 3, 7, 131
Suppose 146*p = 139*p - 63. List the prime factors of ((-419)/3)/(3/p).
419
Suppose 5*n = -5*o + 20, -3*n - 10*o + 8 = -11*o. Suppose 0 = -2*s + 8*z - n*z + 444, -5*s = 2*z - 1139. List the prime factors of s.
227
Let c = -7591 + 14044. What are the prime factors of c?
3, 239
Let n(a) be the first derivative of 155*a**3/3 - 2*a**2 + 2*a + 125. What are the prime factors of n(1)?
3, 17
Let w be 30/195 + 914/(-26) + -2. Let v(q) = 2*q**2 + 72*q + 14. List the prime factors of v(w).
2, 11
Let b(q) = -4*q**2 - 90*q - 633. Let u be b(-7). Suppose -2*c + 285 = -c. Let t = c + u. What are the prime factors of t?
2, 43
Suppose -28*o = 7*o - 1392307 + 268737. What are the prime factors of o?
2, 7, 2293
Let v(q) = -4*q**2 + 36*q + 8. Let h be v(9). Suppose h*l = 9*l - 21. List the prime factors of l.
3, 7
Let v = -6422 - -28230. List the prime factors of v.
2, 29, 47
Let d be (4095/(-52))/(-7) + (-2)/8. Suppose 0 = -2*j - 2, 5*n - d*j - 5642 = -4*j. What are the prime factors of n?
7, 23
Let s be (-72)/(-126)*14/4. Suppose s*h = -27 - 85. List the prime factors of (-624)/h + (-2)/14.
11
Suppose -3*l - 466 = -y - 1439, 0 = -l - 3*y + 321. Suppose 3*x = 15*x - l. List the prime factors of x.
3
Let p = -11649 - -20516. What are the prime factors of p?
8867
Suppose 3*d + 12 = 63. Let w be -11 - -8 - (-7 + -2). Let i = d + w. List the prime factors of i.
23
Suppose -197*f + 11031518 = -7996712. What are the prime factors of f?
2, 5, 13, 743
Suppose 20*w = -3*u + 24*w + 3347, 5*u - 4*w - 5589 = 0. Let b = u + -625. What are the prime factors of b?
2, 31
Let d = -239 + 237. Let x be ((-12)/(-8))/(2/4). List the prime factors of d/(-4)*(x + 2)*54.
3, 5
Let b(s) = s**3 + s**2 + s + 5. Let d be b(0). Suppose y + 180 = -2*g - 198, d*g = -2*y - 946. Let r = g - -463. List the prime factors of r.
3, 7, 13
Let q(h) be the third derivative of 11*h**5/60 + h**4/24 - 